{"id":672,"date":"2021-08-29T16:58:58","date_gmt":"2021-08-29T16:58:58","guid":{"rendered":"http:\/\/aivonswp.pixydrops.com\/?page_id=38"},"modified":"2025-04-09T19:18:11","modified_gmt":"2025-04-09T19:18:11","slug":"blog","status":"publish","type":"page","link":"https:\/\/serdirec.com\/?page_id=672","title":{"rendered":"Blog"},"content":{"rendered":"\t\t<div data-elementor-type=\"wp-page\" data-elementor-id=\"672\" class=\"elementor elementor-672\">\n\t\t\t\t\t\t<section class=\"elementor-section elementor-top-section elementor-element elementor-element-622dd5b elementor-section-full_width elementor-section-height-default elementor-section-height-default\" data-id=\"622dd5b\" data-element_type=\"section\">\n\t\t\t\t\t\t<div class=\"elementor-container elementor-column-gap-no\">\n\t\t\t\t\t<div class=\"elementor-column elementor-col-100 elementor-top-column elementor-element elementor-element-1835e5a\" data-id=\"1835e5a\" data-element_type=\"column\">\n\t\t\t<div class=\"elementor-widget-wrap elementor-element-populated\">\n\t\t\t\t\t\t<div class=\"elementor-element elementor-element-d642c24 elementor-widget elementor-widget-aivons-blog\" data-id=\"d642c24\" data-element_type=\"widget\" data-widget_type=\"aivons-blog.default\">\n\t\t\t\t<div class=\"elementor-widget-container\">\n\t\t\t\t\t\r\n\t<!--News One Start-->\r\n\t<section class=\"news-one\">\r\n\t\t<div class=\"container\">\r\n\t\t\t\r\n\t\t\t<div class=\"row\">\r\n\t\t\t\t\t\t\t\t\t\t\t\t\t<div class=\"col-xl-4 col-lg-4 \">\r\n\t\t\t\t\t\t<!--News One Single-->\r\n\t\t\t\t\t\t<div class=\"news-one__single \">\r\n\t\t\t\t\t\t\t\t\t\t\t\t\t\t\t<div class=\"news-one__img\">\r\n\t\t\t\t\t\t\t\t\t<img fetchpriority=\"high\" decoding=\"async\" width=\"370\" height=\"336\" src=\"https:\/\/serdirec.com\/wp-content\/uploads\/2021\/08\/2149256064-370x336.jpg\" class=\"attachment-aivons_blog_370X336 size-aivons_blog_370X336 wp-post-image\" alt=\"\" \/>\t\t\t\t\t\t\t\t\t<a href=\"https:\/\/serdirec.com\/?p=86\">\r\n\t\t\t\t\t\t\t\t\t\t<span class=\"news-one__plus\"><\/span>\r\n\t\t\t\t\t\t\t\t\t<\/a>\r\n\t\t\t\t\t\t\t\t<\/div>\r\n\t\t\t\t\t\t\t\t\t\t\t\t\t\t<div class=\"news-one__content \">\r\n\t\t\t\t\t\t\t\t<ul class=\"list-unstyled news-one__meta\">\r\n\t\t\t\t\t\t\t\t\t<li><span class=\"byline\"><i class=\"far fa-user-circle\"><\/i> <span class=\"author vcard\"><a class=\"url fn n\" href=\"https:\/\/serdirec.com\/?author=1\">admin<\/a><\/span><\/span><\/li>\r\n\t\t\t\t\t\t\t\t\t\t\t\t\t\t\t\t\t<\/ul>\r\n\t\t\t\t\t\t\t\t<h3 class=\"news-one__title\">\r\n\t\t\t\t\t\t\t\t\t<a href=\"https:\/\/serdirec.com\/?p=86\">C\u00f3mo un Call Center Puede Aumentar las Ventas y Fidelizar a tus Clientes<\/a>\r\n\t\t\t\t\t\t\t\t<\/h3>\r\n\t\t\t\t\t\t\t\t<p class=\"news-one__text\">\r\n\t\t\t\t\t\t\t\t\tEn un mundo donde la competencia es cada vez m\u00e1s feroz, las empresas necesitan estrategias\t\t\t\t\t\t\t\t<\/p>\r\n\t\t\t\t\t\t\t\t<a href=\"https:\/\/serdirec.com\/?p=86\" class=\"news-one__btn\">Read more<\/a>\r\n\t\t\t\t\t\t\t\t\t\t\t\t\t\t\t\t\t<div class=\"news-one__date-box\">\r\n\t\t\t\t\t\t\t\t\t\t<p>29 Ago<\/p>\r\n\t\t\t\t\t\t\t\t\t<\/div>\r\n\t\t\t\t\t\t\t\t\t\t\t\t\t\t\t<\/div>\r\n\t\t\t\t\t\t<\/div>\r\n\t\t\t\t\t<\/div>\r\n\t\t\t\t\t\t\t\t\t<div class=\"col-xl-4 col-lg-4 \">\r\n\t\t\t\t\t\t<!--News One Single-->\r\n\t\t\t\t\t\t<div class=\"news-one__single \">\r\n\t\t\t\t\t\t\t\t\t\t\t\t\t\t\t<div class=\"news-one__img\">\r\n\t\t\t\t\t\t\t\t\t<img decoding=\"async\" width=\"370\" height=\"336\" src=\"https:\/\/serdirec.com\/wp-content\/uploads\/2021\/08\/confident-call-center-operator-talking-with-client-370x336.jpg\" class=\"attachment-aivons_blog_370X336 size-aivons_blog_370X336 wp-post-image\" alt=\"\" \/>\t\t\t\t\t\t\t\t\t<a href=\"https:\/\/serdirec.com\/?p=85\">\r\n\t\t\t\t\t\t\t\t\t\t<span class=\"news-one__plus\"><\/span>\r\n\t\t\t\t\t\t\t\t\t<\/a>\r\n\t\t\t\t\t\t\t\t<\/div>\r\n\t\t\t\t\t\t\t\t\t\t\t\t\t\t<div class=\"news-one__content \">\r\n\t\t\t\t\t\t\t\t<ul class=\"list-unstyled news-one__meta\">\r\n\t\t\t\t\t\t\t\t\t<li><span class=\"byline\"><i class=\"far fa-user-circle\"><\/i> <span class=\"author vcard\"><a class=\"url fn n\" href=\"https:\/\/serdirec.com\/?author=1\">admin<\/a><\/span><\/span><\/li>\r\n\t\t\t\t\t\t\t\t\t\t\t\t\t\t\t\t\t<\/ul>\r\n\t\t\t\t\t\t\t\t<h3 class=\"news-one__title\">\r\n\t\t\t\t\t\t\t\t\t<a href=\"https:\/\/serdirec.com\/?p=85\">Atenci\u00f3n 24\/7: La Clave para un Servicio al Cliente Eficiente y Sin Interrupciones<\/a>\r\n\t\t\t\t\t\t\t\t<\/h3>\r\n\t\t\t\t\t\t\t\t<p class=\"news-one__text\">\r\n\t\t\t\t\t\t\t\t\tEn un mundo hiperconectado, donde los clientes esperan respuestas inmediatas y soluciones eficientes, contar con\t\t\t\t\t\t\t\t<\/p>\r\n\t\t\t\t\t\t\t\t<a href=\"https:\/\/serdirec.com\/?p=85\" class=\"news-one__btn\">Read more<\/a>\r\n\t\t\t\t\t\t\t\t\t\t\t\t\t\t\t\t\t<div class=\"news-one__date-box\">\r\n\t\t\t\t\t\t\t\t\t\t<p>29 Ago<\/p>\r\n\t\t\t\t\t\t\t\t\t<\/div>\r\n\t\t\t\t\t\t\t\t\t\t\t\t\t\t\t<\/div>\r\n\t\t\t\t\t\t<\/div>\r\n\t\t\t\t\t<\/div>\r\n\t\t\t\t\t\t\t\t\t<div class=\"col-xl-4 col-lg-4 \">\r\n\t\t\t\t\t\t<!--News One Single-->\r\n\t\t\t\t\t\t<div class=\"news-one__single \">\r\n\t\t\t\t\t\t\t\t\t\t\t\t\t\t\t<div class=\"news-one__img\">\r\n\t\t\t\t\t\t\t\t\t<img decoding=\"async\" width=\"370\" height=\"336\" src=\"https:\/\/serdirec.com\/wp-content\/uploads\/2021\/08\/2149256145-370x336.jpg\" class=\"attachment-aivons_blog_370X336 size-aivons_blog_370X336 wp-post-image\" alt=\"\" \/>\t\t\t\t\t\t\t\t\t<a href=\"https:\/\/serdirec.com\/?p=84\">\r\n\t\t\t\t\t\t\t\t\t\t<span class=\"news-one__plus\"><\/span>\r\n\t\t\t\t\t\t\t\t\t<\/a>\r\n\t\t\t\t\t\t\t\t<\/div>\r\n\t\t\t\t\t\t\t\t\t\t\t\t\t\t<div class=\"news-one__content \">\r\n\t\t\t\t\t\t\t\t<ul class=\"list-unstyled news-one__meta\">\r\n\t\t\t\t\t\t\t\t\t<li><span class=\"byline\"><i class=\"far fa-user-circle\"><\/i> <span class=\"author vcard\"><a class=\"url fn n\" href=\"https:\/\/serdirec.com\/?author=1\">admin<\/a><\/span><\/span><\/li>\r\n\t\t\t\t\t\t\t\t\t\t\t\t\t\t\t\t\t<\/ul>\r\n\t\t\t\t\t\t\t\t<h3 class=\"news-one__title\">\r\n\t\t\t\t\t\t\t\t\t<a href=\"https:\/\/serdirec.com\/?p=84\">Reducci\u00f3n de Costos y Mayor Productividad: Ventajas de Externalizar tu Atenci\u00f3n al Cliente<\/a>\r\n\t\t\t\t\t\t\t\t<\/h3>\r\n\t\t\t\t\t\t\t\t<p class=\"news-one__text\">\r\n\t\t\t\t\t\t\t\t\tBrindar un servicio de atenci\u00f3n al cliente eficiente es esencial para cualquier negocio, pero gestionar\t\t\t\t\t\t\t\t<\/p>\r\n\t\t\t\t\t\t\t\t<a href=\"https:\/\/serdirec.com\/?p=84\" class=\"news-one__btn\">Read more<\/a>\r\n\t\t\t\t\t\t\t\t\t\t\t\t\t\t\t\t\t<div class=\"news-one__date-box\">\r\n\t\t\t\t\t\t\t\t\t\t<p>29 Ago<\/p>\r\n\t\t\t\t\t\t\t\t\t<\/div>\r\n\t\t\t\t\t\t\t\t\t\t\t\t\t\t\t<\/div>\r\n\t\t\t\t\t\t<\/div>\r\n\t\t\t\t\t<\/div>\r\n\t\t\t\t\t\t\t\t\t\t\t\t\t<div class=\"col-lg-12\">\r\n\t\t\t\t\t\t<div class=\"blog-pagination portfolio-page__btn-box text-center\">\r\n\t\t\t\t\t\t\t\t\t\t\t\t\t<\/div><!-- \/.blog-post-pagination -->\r\n\t\t\t\t\t<\/div><!-- \/.col-lg-12 -->\r\n\t\t\t\t\t\t\t\t\t\t\t<\/div>\r\n\t\t<\/div>\r\n\t<\/section>\r\n\t<!--News One End-->\r\n\r\n\t\t\t\t<\/div>\n\t\t\t\t<\/div>\n\t\t\t\t\t<\/div>\n\t\t<\/div>\n\t\t\t\t\t<\/div>\n\t\t<\/section>\n\t\t\t\t<\/div>\n\t\t","protected":false},"excerpt":{"rendered":"<p>admin C\u00f3mo un Call Center Puede Aumentar las Ventas y Fidelizar a tus Clientes En un mundo donde la competencia es cada vez m\u00e1s feroz, las empresas necesitan estrategias Read more 29 Ago admin Atenci\u00f3n 24\/7: La Clave para un Servicio al Cliente Eficiente y Sin Interrupciones En un mundo hiperconectado, donde los clientes esperan [&hellip;]<\/p>\n","protected":false},"author":1,"featured_media":0,"parent":0,"menu_order":0,"comment_status":"closed","ping_status":"closed","template":"elementor_header_footer","meta":{"footnotes":""},"class_list":["post-672","page","type-page","status-publish","hentry"],"yoast_head":"<!-- This site is optimized with the Yoast SEO plugin v24.7 - https:\/\/yoast.com\/wordpress\/plugins\/seo\/ -->\n<title>Blog - My Website<\/title>\n<meta name=\"robots\" content=\"index, follow, max-snippet:-1, max-image-preview:large, max-video-preview:-1\" \/>\n<link rel=\"canonical\" href=\"https:\/\/serdirec.com\/?page_id=672\" \/>\n<meta property=\"og:locale\" content=\"es_ES\" \/>\n<meta property=\"og:type\" content=\"article\" \/>\n<meta property=\"og:title\" content=\"Blog - My Website\" \/>\n<meta property=\"og:description\" content=\"admin C\u00f3mo un Call Center Puede Aumentar las Ventas y Fidelizar a tus Clientes En un mundo donde la competencia es cada vez m\u00e1s feroz, las empresas necesitan estrategias Read more 29 Ago admin Atenci\u00f3n 24\/7: La Clave para un Servicio al Cliente Eficiente y Sin Interrupciones En un mundo hiperconectado, donde los clientes esperan [&hellip;]\" \/>\n<meta property=\"og:url\" content=\"https:\/\/serdirec.com\/?page_id=672\" \/>\n<meta property=\"og:site_name\" content=\"My Website\" \/>\n<meta property=\"article:modified_time\" content=\"2025-04-09T19:18:11+00:00\" \/>\n<meta property=\"og:image\" content=\"https:\/\/web01.sportbetec.com\/wp-content\/uploads\/2021\/08\/2149256064-370x336.jpg\" \/>\n<meta name=\"twitter:card\" content=\"summary_large_image\" \/>\n<meta name=\"twitter:label1\" content=\"Tiempo de lectura\" \/>\n\t<meta name=\"twitter:data1\" content=\"2 minutos\" \/>\n<script type=\"application\/ld+json\" class=\"yoast-schema-graph\">{\"@context\":\"https:\/\/schema.org\",\"@graph\":[{\"@type\":\"WebPage\",\"@id\":\"https:\/\/serdirec.com\/?page_id=672\",\"url\":\"https:\/\/serdirec.com\/?page_id=672\",\"name\":\"Blog - My Website\",\"isPartOf\":{\"@id\":\"https:\/\/serdirec.com\/#website\"},\"primaryImageOfPage\":{\"@id\":\"https:\/\/serdirec.com\/?page_id=672#primaryimage\"},\"image\":{\"@id\":\"https:\/\/serdirec.com\/?page_id=672#primaryimage\"},\"thumbnailUrl\":\"https:\/\/web01.sportbetec.com\/wp-content\/uploads\/2021\/08\/2149256064-370x336.jpg\",\"datePublished\":\"2021-08-29T16:58:58+00:00\",\"dateModified\":\"2025-04-09T19:18:11+00:00\",\"breadcrumb\":{\"@id\":\"https:\/\/serdirec.com\/?page_id=672#breadcrumb\"},\"inLanguage\":\"es\",\"potentialAction\":[{\"@type\":\"ReadAction\",\"target\":[\"https:\/\/serdirec.com\/?page_id=672\"]}]},{\"@type\":\"ImageObject\",\"inLanguage\":\"es\",\"@id\":\"https:\/\/serdirec.com\/?page_id=672#primaryimage\",\"url\":\"https:\/\/web01.sportbetec.com\/wp-content\/uploads\/2021\/08\/2149256064-370x336.jpg\",\"contentUrl\":\"https:\/\/web01.sportbetec.com\/wp-content\/uploads\/2021\/08\/2149256064-370x336.jpg\"},{\"@type\":\"BreadcrumbList\",\"@id\":\"https:\/\/serdirec.com\/?page_id=672#breadcrumb\",\"itemListElement\":[{\"@type\":\"ListItem\",\"position\":1,\"name\":\"Portada\",\"item\":\"https:\/\/serdirec.com\/\"},{\"@type\":\"ListItem\",\"position\":2,\"name\":\"Blog\"}]},{\"@type\":\"WebSite\",\"@id\":\"https:\/\/serdirec.com\/#website\",\"url\":\"https:\/\/serdirec.com\/\",\"name\":\"My Website\",\"description\":\"\",\"publisher\":{\"@id\":\"https:\/\/serdirec.com\/#organization\"},\"potentialAction\":[{\"@type\":\"SearchAction\",\"target\":{\"@type\":\"EntryPoint\",\"urlTemplate\":\"https:\/\/serdirec.com\/?s={search_term_string}\"},\"query-input\":{\"@type\":\"PropertyValueSpecification\",\"valueRequired\":true,\"valueName\":\"search_term_string\"}}],\"inLanguage\":\"es\"},{\"@type\":\"Organization\",\"@id\":\"https:\/\/serdirec.com\/#organization\",\"name\":\"My Website\",\"url\":\"https:\/\/serdirec.com\/\",\"logo\":{\"@type\":\"ImageObject\",\"inLanguage\":\"es\",\"@id\":\"https:\/\/serdirec.com\/#\/schema\/logo\/image\/\",\"url\":\"https:\/\/serdirec.com\/wp-content\/uploads\/2025\/03\/cropped-cropped-Logo-blanco.png\",\"contentUrl\":\"https:\/\/serdirec.com\/wp-content\/uploads\/2025\/03\/cropped-cropped-Logo-blanco.png\",\"width\":842,\"height\":233,\"caption\":\"My Website\"},\"image\":{\"@id\":\"https:\/\/serdirec.com\/#\/schema\/logo\/image\/\"}}]}<\/script>\n<!-- \/ Yoast SEO plugin. -->","yoast_head_json":{"title":"Blog - My Website","robots":{"index":"index","follow":"follow","max-snippet":"max-snippet:-1","max-image-preview":"max-image-preview:large","max-video-preview":"max-video-preview:-1"},"canonical":"https:\/\/serdirec.com\/?page_id=672","og_locale":"es_ES","og_type":"article","og_title":"Blog - My Website","og_description":"admin C\u00f3mo un Call Center Puede Aumentar las Ventas y Fidelizar a tus Clientes En un mundo donde la competencia es cada vez m\u00e1s feroz, las empresas necesitan estrategias Read more 29 Ago admin Atenci\u00f3n 24\/7: La Clave para un Servicio al Cliente Eficiente y Sin Interrupciones En un mundo hiperconectado, donde los clientes esperan [&hellip;]","og_url":"https:\/\/serdirec.com\/?page_id=672","og_site_name":"My Website","article_modified_time":"2025-04-09T19:18:11+00:00","og_image":[{"url":"https:\/\/web01.sportbetec.com\/wp-content\/uploads\/2021\/08\/2149256064-370x336.jpg","type":"","width":"","height":""}],"twitter_card":"summary_large_image","twitter_misc":{"Tiempo de lectura":"2 minutos"},"schema":{"@context":"https:\/\/schema.org","@graph":[{"@type":"WebPage","@id":"https:\/\/serdirec.com\/?page_id=672","url":"https:\/\/serdirec.com\/?page_id=672","name":"Blog - My Website","isPartOf":{"@id":"https:\/\/serdirec.com\/#website"},"primaryImageOfPage":{"@id":"https:\/\/serdirec.com\/?page_id=672#primaryimage"},"image":{"@id":"https:\/\/serdirec.com\/?page_id=672#primaryimage"},"thumbnailUrl":"https:\/\/web01.sportbetec.com\/wp-content\/uploads\/2021\/08\/2149256064-370x336.jpg","datePublished":"2021-08-29T16:58:58+00:00","dateModified":"2025-04-09T19:18:11+00:00","breadcrumb":{"@id":"https:\/\/serdirec.com\/?page_id=672#breadcrumb"},"inLanguage":"es","potentialAction":[{"@type":"ReadAction","target":["https:\/\/serdirec.com\/?page_id=672"]}]},{"@type":"ImageObject","inLanguage":"es","@id":"https:\/\/serdirec.com\/?page_id=672#primaryimage","url":"https:\/\/web01.sportbetec.com\/wp-content\/uploads\/2021\/08\/2149256064-370x336.jpg","contentUrl":"https:\/\/web01.sportbetec.com\/wp-content\/uploads\/2021\/08\/2149256064-370x336.jpg"},{"@type":"BreadcrumbList","@id":"https:\/\/serdirec.com\/?page_id=672#breadcrumb","itemListElement":[{"@type":"ListItem","position":1,"name":"Portada","item":"https:\/\/serdirec.com\/"},{"@type":"ListItem","position":2,"name":"Blog"}]},{"@type":"WebSite","@id":"https:\/\/serdirec.com\/#website","url":"https:\/\/serdirec.com\/","name":"My Website","description":"","publisher":{"@id":"https:\/\/serdirec.com\/#organization"},"potentialAction":[{"@type":"SearchAction","target":{"@type":"EntryPoint","urlTemplate":"https:\/\/serdirec.com\/?s={search_term_string}"},"query-input":{"@type":"PropertyValueSpecification","valueRequired":true,"valueName":"search_term_string"}}],"inLanguage":"es"},{"@type":"Organization","@id":"https:\/\/serdirec.com\/#organization","name":"My Website","url":"https:\/\/serdirec.com\/","logo":{"@type":"ImageObject","inLanguage":"es","@id":"https:\/\/serdirec.com\/#\/schema\/logo\/image\/","url":"https:\/\/serdirec.com\/wp-content\/uploads\/2025\/03\/cropped-cropped-Logo-blanco.png","contentUrl":"https:\/\/serdirec.com\/wp-content\/uploads\/2025\/03\/cropped-cropped-Logo-blanco.png","width":842,"height":233,"caption":"My Website"},"image":{"@id":"https:\/\/serdirec.com\/#\/schema\/logo\/image\/"}}]}},"_links":{"self":[{"href":"https:\/\/serdirec.com\/index.php?rest_route=\/wp\/v2\/pages\/672","targetHints":{"allow":["GET"]}}],"collection":[{"href":"https:\/\/serdirec.com\/index.php?rest_route=\/wp\/v2\/pages"}],"about":[{"href":"https:\/\/serdirec.com\/index.php?rest_route=\/wp\/v2\/types\/page"}],"author":[{"embeddable":true,"href":"https:\/\/serdirec.com\/index.php?rest_route=\/wp\/v2\/users\/1"}],"replies":[{"embeddable":true,"href":"https:\/\/serdirec.com\/index.php?rest_route=%2Fwp%2Fv2%2Fcomments&post=672"}],"version-history":[{"count":8,"href":"https:\/\/serdirec.com\/index.php?rest_route=\/wp\/v2\/pages\/672\/revisions"}],"predecessor-version":[{"id":1039,"href":"https:\/\/serdirec.com\/index.php?rest_route=\/wp\/v2\/pages\/672\/revisions\/1039"}],"wp:attachment":[{"href":"https:\/\/serdirec.com\/index.php?rest_route=%2Fwp%2Fv2%2Fmedia&parent=672"}],"curies":[{"name":"wp","href":"https:\/\/api.w.org\/{rel}","templated":true}]}}